{"id":83,"date":"2020-01-23T11:13:40","date_gmt":"2020-01-23T14:13:40","guid":{"rendered":"http:\/\/patrocinados.estadao.com.br\/spbemnafoto\/2020\/?page_id=83"},"modified":"2020-01-24T19:24:52","modified_gmt":"2020-01-24T22:24:52","slug":"sobre","status":"publish","type":"page","link":"https:\/\/patrocinados.estadao.com.br\/spbemnafoto\/sobre\/","title":{"rendered":"Sobre"},"content":{"rendered":"<h2>Feliz Anivers\u00e1rio, S\u00c3O PAULO!<\/h2>\n<h3>Atrativos rec\u00e9m-criados e pontos de destaque centen\u00e1rios se misturam na prefer\u00eancia de quem vive intensamente a cidade<\/h3>\n<p>Diante de milhares de op\u00e7\u00f5es de lazer, de gastronomia ou atra\u00e7\u00f5es culturais, os leitores do <strong>Estado <\/strong>elegeram, por meio da internet,<strong> 25 pontos interessantes da capital que est\u00e1 completando 466 anos de hist\u00f3ria.<\/strong> Apesar de centenas de atrativos ficarem de fora, os pontos escolhidos mostram bem a diversidade de uma cidade que cresceu moldada pela variedade de etnias e culturas.<\/p>\n<p>Outra constata\u00e7\u00e3o da enquete \u00e9 a velocidade com que a cidade ganha novos destaques e como rapidamente eles caem no gosto dos moradores e turistas. A Avenida Paulista para pedestres, por exemplo, \u00e9 uma atra\u00e7\u00e3o que surgiu em 2015. O parque Jardim das Perdizes, na zona oeste, citado pelo ginasta e medalhista ol\u00edmpico Arthur Nory, \u00e9 outro ponto de destaque que surgiu faz pouco tempo no cen\u00e1rio paulistano. Ele tamb\u00e9m existe desde 2015.<\/p>\n<p>H\u00e1 ainda v\u00e1rios locais tradicionais entre os citados, como o centen\u00e1rio Theatro Municipal, no centro, eleito pelos leitores como um dos \u00edcones paulistanos, escolha ratificada por um dos personagens ilustres da capital, o maestro Jo\u00e3o Carlos Martins. Uma das pessoas conhecidas que elegeram a S\u00e3o Paulo de que mais gostam.<\/p>\n<p><img loading=\"lazy\" decoding=\"async\" class=\"alignnone size-full wp-image-233\" src=\"https:\/\/patrocinados.estadao.com.br\/spbemnafoto\/2020\/wp-content\/uploads\/2020\/01\/cultura_municipal-sobre.jpg\" alt=\"\" width=\"900\" height=\"480\" srcset=\"https:\/\/patrocinados.estadao.com.br\/spbemnafoto\/wp-content\/uploads\/2020\/01\/cultura_municipal-sobre.jpg 900w, https:\/\/patrocinados.estadao.com.br\/spbemnafoto\/wp-content\/uploads\/2020\/01\/cultura_municipal-sobre-300x160.jpg 300w, https:\/\/patrocinados.estadao.com.br\/spbemnafoto\/wp-content\/uploads\/2020\/01\/cultura_municipal-sobre-768x410.jpg 768w\" sizes=\"auto, (max-width: 709px) 85vw, (max-width: 909px) 67vw, (max-width: 1362px) 62vw, 840px\" \/><\/p>\n","protected":false},"excerpt":{"rendered":"<p>Diante de milhares de op\u00e7\u00f5es de lazer, de gastronomia ou atra\u00e7\u00f5es culturais, os leitores do Estado elegeram, por meio da internet, 25 pontos interessantes da capital que est\u00e1 completando 466 anos de hist\u00f3ria. Apesar de&#8230; <a href=\"https:\/\/patrocinados.estadao.com.br\/spbemnafoto\/sobre\/\" class=\"btn_veja_mais\" rel=\"nofollow\"> veja mais \u00bb <\/a><\/p>\n","protected":false},"author":2,"featured_media":0,"parent":0,"menu_order":0,"comment_status":"closed","ping_status":"closed","template":"","meta":{"_acf_changed":false,"ngg_post_thumbnail":0,"footnotes":""},"class_list":["post-83","page","type-page","status-publish","hentry"],"acf":[],"yoast_head":"<!-- This site is optimized with the Yoast SEO plugin v27.1.1 - https:\/\/yoast.com\/product\/yoast-seo-wordpress\/ -->\n<title>Sobre - S\u00e3o Paulo Bem na Foto 3a Edi\u00e7\u00e3o<\/title>\n<meta name=\"robots\" content=\"index, follow, max-snippet:-1, max-image-preview:large, max-video-preview:-1\" \/>\n<link rel=\"canonical\" href=\"https:\/\/patrocinados.estadao.com.br\/spbemnafoto\/sobre\/\" \/>\n<meta property=\"og:locale\" content=\"pt_BR\" \/>\n<meta property=\"og:type\" content=\"article\" \/>\n<meta property=\"og:title\" content=\"Sobre - S\u00e3o Paulo Bem na Foto 3a Edi\u00e7\u00e3o\" \/>\n<meta property=\"og:description\" content=\"Diante de milhares de op\u00e7\u00f5es de lazer, de gastronomia ou atra\u00e7\u00f5es culturais, os leitores do Estado elegeram, por meio da internet, 25 pontos interessantes da capital que est\u00e1 completando 466 anos de hist\u00f3ria. Apesar de... veja mais \u00bb\" \/>\n<meta property=\"og:url\" content=\"https:\/\/patrocinados.estadao.com.br\/spbemnafoto\/sobre\/\" \/>\n<meta property=\"og:site_name\" content=\"S\u00e3o Paulo Bem na Foto 3a Edi\u00e7\u00e3o\" \/>\n<meta property=\"article:modified_time\" content=\"2020-01-24T22:24:52+00:00\" \/>\n<meta property=\"og:image\" content=\"https:\/\/patrocinados.estadao.com.br\/spbemnafoto\/2020\/wp-content\/uploads\/2020\/01\/cultura_municipal-sobre.jpg\" \/>\n<meta name=\"twitter:card\" content=\"summary_large_image\" \/>\n<meta name=\"twitter:label1\" content=\"Est. tempo de leitura\" \/>\n\t<meta name=\"twitter:data1\" content=\"1 minuto\" \/>\n<script type=\"application\/ld+json\" class=\"yoast-schema-graph\">{\"@context\":\"https:\/\/schema.org\",\"@graph\":[{\"@type\":\"WebPage\",\"@id\":\"https:\/\/patrocinados.estadao.com.br\/spbemnafoto\/sobre\/\",\"url\":\"https:\/\/patrocinados.estadao.com.br\/spbemnafoto\/sobre\/\",\"name\":\"Sobre - S\u00e3o Paulo Bem na Foto 3a Edi\u00e7\u00e3o\",\"isPartOf\":{\"@id\":\"https:\/\/patrocinados.estadao.com.br\/spbemnafoto\/#website\"},\"primaryImageOfPage\":{\"@id\":\"https:\/\/patrocinados.estadao.com.br\/spbemnafoto\/sobre\/#primaryimage\"},\"image\":{\"@id\":\"https:\/\/patrocinados.estadao.com.br\/spbemnafoto\/sobre\/#primaryimage\"},\"thumbnailUrl\":\"https:\/\/patrocinados.estadao.com.br\/spbemnafoto\/2020\/wp-content\/uploads\/2020\/01\/cultura_municipal-sobre.jpg\",\"datePublished\":\"2020-01-23T14:13:40+00:00\",\"dateModified\":\"2020-01-24T22:24:52+00:00\",\"breadcrumb\":{\"@id\":\"https:\/\/patrocinados.estadao.com.br\/spbemnafoto\/sobre\/#breadcrumb\"},\"inLanguage\":\"pt-BR\",\"potentialAction\":[{\"@type\":\"ReadAction\",\"target\":[\"https:\/\/patrocinados.estadao.com.br\/spbemnafoto\/sobre\/\"]}]},{\"@type\":\"ImageObject\",\"inLanguage\":\"pt-BR\",\"@id\":\"https:\/\/patrocinados.estadao.com.br\/spbemnafoto\/sobre\/#primaryimage\",\"url\":\"https:\/\/patrocinados.estadao.com.br\/spbemnafoto\/wp-content\/uploads\/2020\/01\/cultura_municipal-sobre.jpg\",\"contentUrl\":\"https:\/\/patrocinados.estadao.com.br\/spbemnafoto\/wp-content\/uploads\/2020\/01\/cultura_municipal-sobre.jpg\",\"width\":900,\"height\":480},{\"@type\":\"BreadcrumbList\",\"@id\":\"https:\/\/patrocinados.estadao.com.br\/spbemnafoto\/sobre\/#breadcrumb\",\"itemListElement\":[{\"@type\":\"ListItem\",\"position\":1,\"name\":\"In\u00edcio\",\"item\":\"https:\/\/patrocinados.estadao.com.br\/spbemnafoto\/\"},{\"@type\":\"ListItem\",\"position\":2,\"name\":\"Sobre\"}]},{\"@type\":\"WebSite\",\"@id\":\"https:\/\/patrocinados.estadao.com.br\/spbemnafoto\/#website\",\"url\":\"https:\/\/patrocinados.estadao.com.br\/spbemnafoto\/\",\"name\":\"S\u00e3o Paulo Bem na Foto 3a Edi\u00e7\u00e3o\",\"description\":\"25 pontos interessantes da capital que est\u00e1 completando 466 anos de hist\u00f3ria\",\"potentialAction\":[{\"@type\":\"SearchAction\",\"target\":{\"@type\":\"EntryPoint\",\"urlTemplate\":\"https:\/\/patrocinados.estadao.com.br\/spbemnafoto\/?s={search_term_string}\"},\"query-input\":{\"@type\":\"PropertyValueSpecification\",\"valueRequired\":true,\"valueName\":\"search_term_string\"}}],\"inLanguage\":\"pt-BR\"}]}<\/script>\n<!-- \/ Yoast SEO plugin. -->","yoast_head_json":{"title":"Sobre - S\u00e3o Paulo Bem na Foto 3a Edi\u00e7\u00e3o","robots":{"index":"index","follow":"follow","max-snippet":"max-snippet:-1","max-image-preview":"max-image-preview:large","max-video-preview":"max-video-preview:-1"},"canonical":"https:\/\/patrocinados.estadao.com.br\/spbemnafoto\/sobre\/","og_locale":"pt_BR","og_type":"article","og_title":"Sobre - S\u00e3o Paulo Bem na Foto 3a Edi\u00e7\u00e3o","og_description":"Diante de milhares de op\u00e7\u00f5es de lazer, de gastronomia ou atra\u00e7\u00f5es culturais, os leitores do Estado elegeram, por meio da internet, 25 pontos interessantes da capital que est\u00e1 completando 466 anos de hist\u00f3ria. Apesar de... veja mais \u00bb","og_url":"https:\/\/patrocinados.estadao.com.br\/spbemnafoto\/sobre\/","og_site_name":"S\u00e3o Paulo Bem na Foto 3a Edi\u00e7\u00e3o","article_modified_time":"2020-01-24T22:24:52+00:00","og_image":[{"url":"https:\/\/patrocinados.estadao.com.br\/spbemnafoto\/2020\/wp-content\/uploads\/2020\/01\/cultura_municipal-sobre.jpg","type":"","width":"","height":""}],"twitter_card":"summary_large_image","twitter_misc":{"Est. tempo de leitura":"1 minuto"},"schema":{"@context":"https:\/\/schema.org","@graph":[{"@type":"WebPage","@id":"https:\/\/patrocinados.estadao.com.br\/spbemnafoto\/sobre\/","url":"https:\/\/patrocinados.estadao.com.br\/spbemnafoto\/sobre\/","name":"Sobre - S\u00e3o Paulo Bem na Foto 3a Edi\u00e7\u00e3o","isPartOf":{"@id":"https:\/\/patrocinados.estadao.com.br\/spbemnafoto\/#website"},"primaryImageOfPage":{"@id":"https:\/\/patrocinados.estadao.com.br\/spbemnafoto\/sobre\/#primaryimage"},"image":{"@id":"https:\/\/patrocinados.estadao.com.br\/spbemnafoto\/sobre\/#primaryimage"},"thumbnailUrl":"https:\/\/patrocinados.estadao.com.br\/spbemnafoto\/2020\/wp-content\/uploads\/2020\/01\/cultura_municipal-sobre.jpg","datePublished":"2020-01-23T14:13:40+00:00","dateModified":"2020-01-24T22:24:52+00:00","breadcrumb":{"@id":"https:\/\/patrocinados.estadao.com.br\/spbemnafoto\/sobre\/#breadcrumb"},"inLanguage":"pt-BR","potentialAction":[{"@type":"ReadAction","target":["https:\/\/patrocinados.estadao.com.br\/spbemnafoto\/sobre\/"]}]},{"@type":"ImageObject","inLanguage":"pt-BR","@id":"https:\/\/patrocinados.estadao.com.br\/spbemnafoto\/sobre\/#primaryimage","url":"https:\/\/patrocinados.estadao.com.br\/spbemnafoto\/wp-content\/uploads\/2020\/01\/cultura_municipal-sobre.jpg","contentUrl":"https:\/\/patrocinados.estadao.com.br\/spbemnafoto\/wp-content\/uploads\/2020\/01\/cultura_municipal-sobre.jpg","width":900,"height":480},{"@type":"BreadcrumbList","@id":"https:\/\/patrocinados.estadao.com.br\/spbemnafoto\/sobre\/#breadcrumb","itemListElement":[{"@type":"ListItem","position":1,"name":"In\u00edcio","item":"https:\/\/patrocinados.estadao.com.br\/spbemnafoto\/"},{"@type":"ListItem","position":2,"name":"Sobre"}]},{"@type":"WebSite","@id":"https:\/\/patrocinados.estadao.com.br\/spbemnafoto\/#website","url":"https:\/\/patrocinados.estadao.com.br\/spbemnafoto\/","name":"S\u00e3o Paulo Bem na Foto 3a Edi\u00e7\u00e3o","description":"25 pontos interessantes da capital que est\u00e1 completando 466 anos de hist\u00f3ria","potentialAction":[{"@type":"SearchAction","target":{"@type":"EntryPoint","urlTemplate":"https:\/\/patrocinados.estadao.com.br\/spbemnafoto\/?s={search_term_string}"},"query-input":{"@type":"PropertyValueSpecification","valueRequired":true,"valueName":"search_term_string"}}],"inLanguage":"pt-BR"}]}},"_links":{"self":[{"href":"https:\/\/patrocinados.estadao.com.br\/spbemnafoto\/wp-json\/wp\/v2\/pages\/83","targetHints":{"allow":["GET"]}}],"collection":[{"href":"https:\/\/patrocinados.estadao.com.br\/spbemnafoto\/wp-json\/wp\/v2\/pages"}],"about":[{"href":"https:\/\/patrocinados.estadao.com.br\/spbemnafoto\/wp-json\/wp\/v2\/types\/page"}],"author":[{"embeddable":true,"href":"https:\/\/patrocinados.estadao.com.br\/spbemnafoto\/wp-json\/wp\/v2\/users\/2"}],"replies":[{"embeddable":true,"href":"https:\/\/patrocinados.estadao.com.br\/spbemnafoto\/wp-json\/wp\/v2\/comments?post=83"}],"version-history":[{"count":7,"href":"https:\/\/patrocinados.estadao.com.br\/spbemnafoto\/wp-json\/wp\/v2\/pages\/83\/revisions"}],"predecessor-version":[{"id":411,"href":"https:\/\/patrocinados.estadao.com.br\/spbemnafoto\/wp-json\/wp\/v2\/pages\/83\/revisions\/411"}],"wp:attachment":[{"href":"https:\/\/patrocinados.estadao.com.br\/spbemnafoto\/wp-json\/wp\/v2\/media?parent=83"}],"curies":[{"name":"wp","href":"https:\/\/api.w.org\/{rel}","templated":true}]}}