{"id":8,"date":"2020-01-22T14:23:35","date_gmt":"2020-01-22T17:23:35","guid":{"rendered":"http:\/\/patrocinados.estadao.com.br\/spbemnafoto\/2020\/?page_id=8"},"modified":"2020-02-07T13:01:32","modified_gmt":"2020-02-07T16:01:32","slug":"sao-paulo-bem-na-foto-3a-edicao","status":"publish","type":"page","link":"https:\/\/patrocinados.estadao.com.br\/spbemnafoto\/","title":{"rendered":"Home Page"},"content":{"rendered":"","protected":false},"excerpt":{"rendered":"","protected":false},"author":2,"featured_media":0,"parent":0,"menu_order":0,"comment_status":"closed","ping_status":"closed","template":"index.php","meta":{"_acf_changed":false,"ngg_post_thumbnail":0,"footnotes":""},"class_list":["post-8","page","type-page","status-publish","hentry"],"acf":[],"yoast_head":"<!-- This site is optimized with the Yoast SEO plugin v27.1.1 - https:\/\/yoast.com\/product\/yoast-seo-wordpress\/ -->\n<title>S\u00e3o Paulo Bem na Foto 3a Edi\u00e7\u00e3o - 25 pontos interessantes da capital que est\u00e1 completando 466 anos de hist\u00f3ria<\/title>\n<meta name=\"description\" content=\"S\u00e3o Paulo Bem na Foto - Todo ano, homenageamos a cidade atrav\u00e9s de imagens e conte\u00fados que mostram aos brasileiros a riqueza e a diversidade de S\u00e3o Paulo.\" \/>\n<meta name=\"robots\" content=\"index, follow, max-snippet:-1, max-image-preview:large, max-video-preview:-1\" \/>\n<link rel=\"canonical\" href=\"https:\/\/patrocinados.estadao.com.br\/spbemnafoto\/\" \/>\n<meta property=\"og:locale\" content=\"pt_BR\" \/>\n<meta property=\"og:type\" content=\"article\" \/>\n<meta property=\"og:title\" content=\"S\u00e3o Paulo Bem na Foto 3a Edi\u00e7\u00e3o - 25 pontos interessantes da capital que est\u00e1 completando 466 anos de hist\u00f3ria\" \/>\n<meta property=\"og:description\" content=\"S\u00e3o Paulo Bem na Foto - Todo ano, homenageamos a cidade atrav\u00e9s de imagens e conte\u00fados que mostram aos brasileiros a riqueza e a diversidade de S\u00e3o Paulo.\" \/>\n<meta property=\"og:url\" content=\"https:\/\/patrocinados.estadao.com.br\/spbemnafoto\/\" \/>\n<meta property=\"og:site_name\" content=\"S\u00e3o Paulo Bem na Foto 3a Edi\u00e7\u00e3o\" \/>\n<meta property=\"article:modified_time\" content=\"2020-02-07T16:01:32+00:00\" \/>\n<meta name=\"twitter:card\" content=\"summary_large_image\" \/>\n<script type=\"application\/ld+json\" class=\"yoast-schema-graph\">{\"@context\":\"https:\/\/schema.org\",\"@graph\":[{\"@type\":\"WebPage\",\"@id\":\"https:\/\/patrocinados.estadao.com.br\/spbemnafoto\/\",\"url\":\"https:\/\/patrocinados.estadao.com.br\/spbemnafoto\/\",\"name\":\"S\u00e3o Paulo Bem na Foto 3a Edi\u00e7\u00e3o - 25 pontos interessantes da capital que est\u00e1 completando 466 anos de hist\u00f3ria\",\"isPartOf\":{\"@id\":\"https:\/\/patrocinados.estadao.com.br\/spbemnafoto\/#website\"},\"datePublished\":\"2020-01-22T17:23:35+00:00\",\"dateModified\":\"2020-02-07T16:01:32+00:00\",\"description\":\"S\u00e3o Paulo Bem na Foto - Todo ano, homenageamos a cidade atrav\u00e9s de imagens e conte\u00fados que mostram aos brasileiros a riqueza e a diversidade de S\u00e3o Paulo.\",\"breadcrumb\":{\"@id\":\"https:\/\/patrocinados.estadao.com.br\/spbemnafoto\/#breadcrumb\"},\"inLanguage\":\"pt-BR\",\"potentialAction\":[{\"@type\":\"ReadAction\",\"target\":[\"https:\/\/patrocinados.estadao.com.br\/spbemnafoto\/\"]}]},{\"@type\":\"BreadcrumbList\",\"@id\":\"https:\/\/patrocinados.estadao.com.br\/spbemnafoto\/#breadcrumb\",\"itemListElement\":[{\"@type\":\"ListItem\",\"position\":1,\"name\":\"In\u00edcio\",\"item\":\"https:\/\/patrocinados.estadao.com.br\/spbemnafoto\/\"},{\"@type\":\"ListItem\",\"position\":2,\"name\":\"Home Page\"}]},{\"@type\":\"WebSite\",\"@id\":\"https:\/\/patrocinados.estadao.com.br\/spbemnafoto\/#website\",\"url\":\"https:\/\/patrocinados.estadao.com.br\/spbemnafoto\/\",\"name\":\"S\u00e3o Paulo Bem na Foto 3a Edi\u00e7\u00e3o\",\"description\":\"25 pontos interessantes da capital que est\u00e1 completando 466 anos de hist\u00f3ria\",\"potentialAction\":[{\"@type\":\"SearchAction\",\"target\":{\"@type\":\"EntryPoint\",\"urlTemplate\":\"https:\/\/patrocinados.estadao.com.br\/spbemnafoto\/?s={search_term_string}\"},\"query-input\":{\"@type\":\"PropertyValueSpecification\",\"valueRequired\":true,\"valueName\":\"search_term_string\"}}],\"inLanguage\":\"pt-BR\"}]}<\/script>\n<!-- \/ Yoast SEO plugin. -->","yoast_head_json":{"title":"S\u00e3o Paulo Bem na Foto 3a Edi\u00e7\u00e3o - 25 pontos interessantes da capital que est\u00e1 completando 466 anos de hist\u00f3ria","description":"S\u00e3o Paulo Bem na Foto - Todo ano, homenageamos a cidade atrav\u00e9s de imagens e conte\u00fados que mostram aos brasileiros a riqueza e a diversidade de S\u00e3o Paulo.","robots":{"index":"index","follow":"follow","max-snippet":"max-snippet:-1","max-image-preview":"max-image-preview:large","max-video-preview":"max-video-preview:-1"},"canonical":"https:\/\/patrocinados.estadao.com.br\/spbemnafoto\/","og_locale":"pt_BR","og_type":"article","og_title":"S\u00e3o Paulo Bem na Foto 3a Edi\u00e7\u00e3o - 25 pontos interessantes da capital que est\u00e1 completando 466 anos de hist\u00f3ria","og_description":"S\u00e3o Paulo Bem na Foto - Todo ano, homenageamos a cidade atrav\u00e9s de imagens e conte\u00fados que mostram aos brasileiros a riqueza e a diversidade de S\u00e3o Paulo.","og_url":"https:\/\/patrocinados.estadao.com.br\/spbemnafoto\/","og_site_name":"S\u00e3o Paulo Bem na Foto 3a Edi\u00e7\u00e3o","article_modified_time":"2020-02-07T16:01:32+00:00","twitter_card":"summary_large_image","schema":{"@context":"https:\/\/schema.org","@graph":[{"@type":"WebPage","@id":"https:\/\/patrocinados.estadao.com.br\/spbemnafoto\/","url":"https:\/\/patrocinados.estadao.com.br\/spbemnafoto\/","name":"S\u00e3o Paulo Bem na Foto 3a Edi\u00e7\u00e3o - 25 pontos interessantes da capital que est\u00e1 completando 466 anos de hist\u00f3ria","isPartOf":{"@id":"https:\/\/patrocinados.estadao.com.br\/spbemnafoto\/#website"},"datePublished":"2020-01-22T17:23:35+00:00","dateModified":"2020-02-07T16:01:32+00:00","description":"S\u00e3o Paulo Bem na Foto - Todo ano, homenageamos a cidade atrav\u00e9s de imagens e conte\u00fados que mostram aos brasileiros a riqueza e a diversidade de S\u00e3o Paulo.","breadcrumb":{"@id":"https:\/\/patrocinados.estadao.com.br\/spbemnafoto\/#breadcrumb"},"inLanguage":"pt-BR","potentialAction":[{"@type":"ReadAction","target":["https:\/\/patrocinados.estadao.com.br\/spbemnafoto\/"]}]},{"@type":"BreadcrumbList","@id":"https:\/\/patrocinados.estadao.com.br\/spbemnafoto\/#breadcrumb","itemListElement":[{"@type":"ListItem","position":1,"name":"In\u00edcio","item":"https:\/\/patrocinados.estadao.com.br\/spbemnafoto\/"},{"@type":"ListItem","position":2,"name":"Home Page"}]},{"@type":"WebSite","@id":"https:\/\/patrocinados.estadao.com.br\/spbemnafoto\/#website","url":"https:\/\/patrocinados.estadao.com.br\/spbemnafoto\/","name":"S\u00e3o Paulo Bem na Foto 3a Edi\u00e7\u00e3o","description":"25 pontos interessantes da capital que est\u00e1 completando 466 anos de hist\u00f3ria","potentialAction":[{"@type":"SearchAction","target":{"@type":"EntryPoint","urlTemplate":"https:\/\/patrocinados.estadao.com.br\/spbemnafoto\/?s={search_term_string}"},"query-input":{"@type":"PropertyValueSpecification","valueRequired":true,"valueName":"search_term_string"}}],"inLanguage":"pt-BR"}]}},"_links":{"self":[{"href":"https:\/\/patrocinados.estadao.com.br\/spbemnafoto\/wp-json\/wp\/v2\/pages\/8","targetHints":{"allow":["GET"]}}],"collection":[{"href":"https:\/\/patrocinados.estadao.com.br\/spbemnafoto\/wp-json\/wp\/v2\/pages"}],"about":[{"href":"https:\/\/patrocinados.estadao.com.br\/spbemnafoto\/wp-json\/wp\/v2\/types\/page"}],"author":[{"embeddable":true,"href":"https:\/\/patrocinados.estadao.com.br\/spbemnafoto\/wp-json\/wp\/v2\/users\/2"}],"replies":[{"embeddable":true,"href":"https:\/\/patrocinados.estadao.com.br\/spbemnafoto\/wp-json\/wp\/v2\/comments?post=8"}],"version-history":[{"count":1,"href":"https:\/\/patrocinados.estadao.com.br\/spbemnafoto\/wp-json\/wp\/v2\/pages\/8\/revisions"}],"predecessor-version":[{"id":9,"href":"https:\/\/patrocinados.estadao.com.br\/spbemnafoto\/wp-json\/wp\/v2\/pages\/8\/revisions\/9"}],"wp:attachment":[{"href":"https:\/\/patrocinados.estadao.com.br\/spbemnafoto\/wp-json\/wp\/v2\/media?parent=8"}],"curies":[{"name":"wp","href":"https:\/\/api.w.org\/{rel}","templated":true}]}}

<!-- This site is optimized with the Yoast SEO plugin v27.1.1 - https://yoast.com/product/yoast-seo-wordpress/ -->
<title>São Paulo Bem na Foto 3a Edição - 25 pontos interessantes da capital que está completando 466 anos de história</title>
<meta name="description" content="São Paulo Bem na Foto - Todo ano, homenageamos a cidade através de imagens e conteúdos que mostram aos brasileiros a riqueza e a diversidade de São Paulo." />
<meta name="robots" content="index, follow, max-snippet:-1, max-image-preview:large, max-video-preview:-1" />
<link rel="canonical" href="https://patrocinados.estadao.com.br/spbemnafoto/" />
<meta property="og:locale" content="pt_BR" />
<meta property="og:type" content="article" />
<meta property="og:title" content="São Paulo Bem na Foto 3a Edição - 25 pontos interessantes da capital que está completando 466 anos de história" />
<meta property="og:description" content="São Paulo Bem na Foto - Todo ano, homenageamos a cidade através de imagens e conteúdos que mostram aos brasileiros a riqueza e a diversidade de São Paulo." />
<meta property="og:url" content="https://patrocinados.estadao.com.br/spbemnafoto/" />
<meta property="og:site_name" content="São Paulo Bem na Foto 3a Edição" />
<meta property="article:modified_time" content="2020-02-07T16:01:32+00:00" />
<meta name="twitter:card" content="summary_large_image" />
<script type="application/ld+json" class="yoast-schema-graph">{"@context":"https://schema.org","@graph":[{"@type":"WebPage","@id":"https://patrocinados.estadao.com.br/spbemnafoto/","url":"https://patrocinados.estadao.com.br/spbemnafoto/","name":"São Paulo Bem na Foto 3a Edição - 25 pontos interessantes da capital que está completando 466 anos de história","isPartOf":{"@id":"https://patrocinados.estadao.com.br/spbemnafoto/#website"},"datePublished":"2020-01-22T17:23:35+00:00","dateModified":"2020-02-07T16:01:32+00:00","description":"São Paulo Bem na Foto - Todo ano, homenageamos a cidade através de imagens e conteúdos que mostram aos brasileiros a riqueza e a diversidade de São Paulo.","breadcrumb":{"@id":"https://patrocinados.estadao.com.br/spbemnafoto/#breadcrumb"},"inLanguage":"pt-BR","potentialAction":[{"@type":"ReadAction","target":["https://patrocinados.estadao.com.br/spbemnafoto/"]}]},{"@type":"BreadcrumbList","@id":"https://patrocinados.estadao.com.br/spbemnafoto/#breadcrumb","itemListElement":[{"@type":"ListItem","position":1,"name":"Início","item":"https://patrocinados.estadao.com.br/spbemnafoto/"},{"@type":"ListItem","position":2,"name":"Home Page"}]},{"@type":"WebSite","@id":"https://patrocinados.estadao.com.br/spbemnafoto/#website","url":"https://patrocinados.estadao.com.br/spbemnafoto/","name":"São Paulo Bem na Foto 3a Edição","description":"25 pontos interessantes da capital que está completando 466 anos de história","potentialAction":[{"@type":"SearchAction","target":{"@type":"EntryPoint","urlTemplate":"https://patrocinados.estadao.com.br/spbemnafoto/?s={search_term_string}"},"query-input":{"@type":"PropertyValueSpecification","valueRequired":true,"valueName":"search_term_string"}}],"inLanguage":"pt-BR"}]}</script>
<!-- / Yoast SEO plugin. -->

São Paulo Bem na Foto 3a Edição - 25 pontos interessantes da capital que está completando 466 anos de história

São Paulo Bem na Foto - Todo ano, homenageamos a cidade através de imagens e conteúdos que mostram aos brasileiros a riqueza e a diversidade de São Paulo.

São Paulo Bem na Foto 3a Edição

Início

25 pontos interessantes da capital que está completando 466 anos de história
