{"id":266,"date":"2020-01-24T16:03:14","date_gmt":"2020-01-24T19:03:14","guid":{"rendered":"http:\/\/patrocinados.estadao.com.br\/spbemnafoto\/2020\/?page_id=266"},"modified":"2020-01-24T18:59:23","modified_gmt":"2020-01-24T21:59:23","slug":"fotos","status":"publish","type":"page","link":"https:\/\/patrocinados.estadao.com.br\/spbemnafoto\/fotos\/","title":{"rendered":"Fotos"},"content":{"rendered":"<p>&nbsp;<\/p>\n<p>Envie fotos e v\u00eddeos de sua autoria ou sugest\u00f5es de passeios pela cidade para o e-mail <a href=\"mailto:publicacoes@estadao.com\">publicacoes@estadao.com<\/a><\/p>\nngg_shortcode_0_placeholder\n","protected":false},"excerpt":{"rendered":"<p>&nbsp; Envie fotos e v\u00eddeos de sua autoria ou sugest\u00f5es de passeios pela cidade para o e-mail publicacoes@estadao.com<\/p>\n","protected":false},"author":2,"featured_media":0,"parent":0,"menu_order":0,"comment_status":"closed","ping_status":"closed","template":"","meta":{"_acf_changed":false,"ngg_post_thumbnail":0,"footnotes":""},"class_list":["post-266","page","type-page","status-publish","hentry"],"acf":[],"yoast_head":"<!-- This site is optimized with the Yoast SEO plugin v27.1.1 - https:\/\/yoast.com\/product\/yoast-seo-wordpress\/ -->\n<title>Fotos - S\u00e3o Paulo Bem na Foto 3a Edi\u00e7\u00e3o<\/title>\n<meta name=\"robots\" content=\"index, follow, max-snippet:-1, max-image-preview:large, max-video-preview:-1\" \/>\n<link rel=\"canonical\" href=\"https:\/\/patrocinados.estadao.com.br\/spbemnafoto\/fotos\/\" \/>\n<meta property=\"og:locale\" content=\"pt_BR\" \/>\n<meta property=\"og:type\" content=\"article\" \/>\n<meta property=\"og:title\" content=\"Fotos - S\u00e3o Paulo Bem na Foto 3a Edi\u00e7\u00e3o\" \/>\n<meta property=\"og:description\" content=\"&nbsp; Envie fotos e v\u00eddeos de sua autoria ou sugest\u00f5es de passeios pela cidade para o e-mail publicacoes@estadao.com\" \/>\n<meta property=\"og:url\" content=\"https:\/\/patrocinados.estadao.com.br\/spbemnafoto\/fotos\/\" \/>\n<meta property=\"og:site_name\" content=\"S\u00e3o Paulo Bem na Foto 3a Edi\u00e7\u00e3o\" \/>\n<meta property=\"article:modified_time\" content=\"2020-01-24T21:59:23+00:00\" \/>\n<meta name=\"twitter:card\" content=\"summary_large_image\" \/>\n<script type=\"application\/ld+json\" class=\"yoast-schema-graph\">{\"@context\":\"https:\/\/schema.org\",\"@graph\":[{\"@type\":\"WebPage\",\"@id\":\"https:\/\/patrocinados.estadao.com.br\/spbemnafoto\/fotos\/\",\"url\":\"https:\/\/patrocinados.estadao.com.br\/spbemnafoto\/fotos\/\",\"name\":\"Fotos - S\u00e3o Paulo Bem na Foto 3a Edi\u00e7\u00e3o\",\"isPartOf\":{\"@id\":\"https:\/\/patrocinados.estadao.com.br\/spbemnafoto\/#website\"},\"datePublished\":\"2020-01-24T19:03:14+00:00\",\"dateModified\":\"2020-01-24T21:59:23+00:00\",\"breadcrumb\":{\"@id\":\"https:\/\/patrocinados.estadao.com.br\/spbemnafoto\/fotos\/#breadcrumb\"},\"inLanguage\":\"pt-BR\",\"potentialAction\":[{\"@type\":\"ReadAction\",\"target\":[\"https:\/\/patrocinados.estadao.com.br\/spbemnafoto\/fotos\/\"]}]},{\"@type\":\"BreadcrumbList\",\"@id\":\"https:\/\/patrocinados.estadao.com.br\/spbemnafoto\/fotos\/#breadcrumb\",\"itemListElement\":[{\"@type\":\"ListItem\",\"position\":1,\"name\":\"In\u00edcio\",\"item\":\"https:\/\/patrocinados.estadao.com.br\/spbemnafoto\/\"},{\"@type\":\"ListItem\",\"position\":2,\"name\":\"Fotos\"}]},{\"@type\":\"WebSite\",\"@id\":\"https:\/\/patrocinados.estadao.com.br\/spbemnafoto\/#website\",\"url\":\"https:\/\/patrocinados.estadao.com.br\/spbemnafoto\/\",\"name\":\"S\u00e3o Paulo Bem na Foto 3a Edi\u00e7\u00e3o\",\"description\":\"25 pontos interessantes da capital que est\u00e1 completando 466 anos de hist\u00f3ria\",\"potentialAction\":[{\"@type\":\"SearchAction\",\"target\":{\"@type\":\"EntryPoint\",\"urlTemplate\":\"https:\/\/patrocinados.estadao.com.br\/spbemnafoto\/?s={search_term_string}\"},\"query-input\":{\"@type\":\"PropertyValueSpecification\",\"valueRequired\":true,\"valueName\":\"search_term_string\"}}],\"inLanguage\":\"pt-BR\"}]}<\/script>\n<!-- \/ Yoast SEO plugin. -->","yoast_head_json":{"title":"Fotos - S\u00e3o Paulo Bem na Foto 3a Edi\u00e7\u00e3o","robots":{"index":"index","follow":"follow","max-snippet":"max-snippet:-1","max-image-preview":"max-image-preview:large","max-video-preview":"max-video-preview:-1"},"canonical":"https:\/\/patrocinados.estadao.com.br\/spbemnafoto\/fotos\/","og_locale":"pt_BR","og_type":"article","og_title":"Fotos - S\u00e3o Paulo Bem na Foto 3a Edi\u00e7\u00e3o","og_description":"&nbsp; Envie fotos e v\u00eddeos de sua autoria ou sugest\u00f5es de passeios pela cidade para o e-mail publicacoes@estadao.com","og_url":"https:\/\/patrocinados.estadao.com.br\/spbemnafoto\/fotos\/","og_site_name":"S\u00e3o Paulo Bem na Foto 3a Edi\u00e7\u00e3o","article_modified_time":"2020-01-24T21:59:23+00:00","twitter_card":"summary_large_image","schema":{"@context":"https:\/\/schema.org","@graph":[{"@type":"WebPage","@id":"https:\/\/patrocinados.estadao.com.br\/spbemnafoto\/fotos\/","url":"https:\/\/patrocinados.estadao.com.br\/spbemnafoto\/fotos\/","name":"Fotos - S\u00e3o Paulo Bem na Foto 3a Edi\u00e7\u00e3o","isPartOf":{"@id":"https:\/\/patrocinados.estadao.com.br\/spbemnafoto\/#website"},"datePublished":"2020-01-24T19:03:14+00:00","dateModified":"2020-01-24T21:59:23+00:00","breadcrumb":{"@id":"https:\/\/patrocinados.estadao.com.br\/spbemnafoto\/fotos\/#breadcrumb"},"inLanguage":"pt-BR","potentialAction":[{"@type":"ReadAction","target":["https:\/\/patrocinados.estadao.com.br\/spbemnafoto\/fotos\/"]}]},{"@type":"BreadcrumbList","@id":"https:\/\/patrocinados.estadao.com.br\/spbemnafoto\/fotos\/#breadcrumb","itemListElement":[{"@type":"ListItem","position":1,"name":"In\u00edcio","item":"https:\/\/patrocinados.estadao.com.br\/spbemnafoto\/"},{"@type":"ListItem","position":2,"name":"Fotos"}]},{"@type":"WebSite","@id":"https:\/\/patrocinados.estadao.com.br\/spbemnafoto\/#website","url":"https:\/\/patrocinados.estadao.com.br\/spbemnafoto\/","name":"S\u00e3o Paulo Bem na Foto 3a Edi\u00e7\u00e3o","description":"25 pontos interessantes da capital que est\u00e1 completando 466 anos de hist\u00f3ria","potentialAction":[{"@type":"SearchAction","target":{"@type":"EntryPoint","urlTemplate":"https:\/\/patrocinados.estadao.com.br\/spbemnafoto\/?s={search_term_string}"},"query-input":{"@type":"PropertyValueSpecification","valueRequired":true,"valueName":"search_term_string"}}],"inLanguage":"pt-BR"}]}},"_links":{"self":[{"href":"https:\/\/patrocinados.estadao.com.br\/spbemnafoto\/wp-json\/wp\/v2\/pages\/266","targetHints":{"allow":["GET"]}}],"collection":[{"href":"https:\/\/patrocinados.estadao.com.br\/spbemnafoto\/wp-json\/wp\/v2\/pages"}],"about":[{"href":"https:\/\/patrocinados.estadao.com.br\/spbemnafoto\/wp-json\/wp\/v2\/types\/page"}],"author":[{"embeddable":true,"href":"https:\/\/patrocinados.estadao.com.br\/spbemnafoto\/wp-json\/wp\/v2\/users\/2"}],"replies":[{"embeddable":true,"href":"https:\/\/patrocinados.estadao.com.br\/spbemnafoto\/wp-json\/wp\/v2\/comments?post=266"}],"version-history":[{"count":7,"href":"https:\/\/patrocinados.estadao.com.br\/spbemnafoto\/wp-json\/wp\/v2\/pages\/266\/revisions"}],"predecessor-version":[{"id":325,"href":"https:\/\/patrocinados.estadao.com.br\/spbemnafoto\/wp-json\/wp\/v2\/pages\/266\/revisions\/325"}],"wp:attachment":[{"href":"https:\/\/patrocinados.estadao.com.br\/spbemnafoto\/wp-json\/wp\/v2\/media?parent=266"}],"curies":[{"name":"wp","href":"https:\/\/api.w.org\/{rel}","templated":true}]}}

<p>&nbsp;</p>
<p>Envie fotos e vídeos de sua autoria ou sugestões de passeios pela cidade para o e-mail <a href="mailto:publicacoes@estadao.com">publicacoes@estadao.com</a></p>
ngg_shortcode_0_placeholder

<p>&nbsp; Envie fotos e vídeos de sua autoria ou sugestões de passeios pela cidade para o e-mail publicacoes@estadao.com</p>

<!-- This site is optimized with the Yoast SEO plugin v27.1.1 - https://yoast.com/product/yoast-seo-wordpress/ -->
<title>Fotos - São Paulo Bem na Foto 3a Edição</title>
<meta name="robots" content="index, follow, max-snippet:-1, max-image-preview:large, max-video-preview:-1" />
<link rel="canonical" href="https://patrocinados.estadao.com.br/spbemnafoto/fotos/" />
<meta property="og:locale" content="pt_BR" />
<meta property="og:type" content="article" />
<meta property="og:title" content="Fotos - São Paulo Bem na Foto 3a Edição" />
<meta property="og:description" content="&nbsp; Envie fotos e vídeos de sua autoria ou sugestões de passeios pela cidade para o e-mail publicacoes@estadao.com" />
<meta property="og:url" content="https://patrocinados.estadao.com.br/spbemnafoto/fotos/" />
<meta property="og:site_name" content="São Paulo Bem na Foto 3a Edição" />
<meta property="article:modified_time" content="2020-01-24T21:59:23+00:00" />
<meta name="twitter:card" content="summary_large_image" />
<script type="application/ld+json" class="yoast-schema-graph">{"@context":"https://schema.org","@graph":[{"@type":"WebPage","@id":"https://patrocinados.estadao.com.br/spbemnafoto/fotos/","url":"https://patrocinados.estadao.com.br/spbemnafoto/fotos/","name":"Fotos - São Paulo Bem na Foto 3a Edição","isPartOf":{"@id":"https://patrocinados.estadao.com.br/spbemnafoto/#website"},"datePublished":"2020-01-24T19:03:14+00:00","dateModified":"2020-01-24T21:59:23+00:00","breadcrumb":{"@id":"https://patrocinados.estadao.com.br/spbemnafoto/fotos/#breadcrumb"},"inLanguage":"pt-BR","potentialAction":[{"@type":"ReadAction","target":["https://patrocinados.estadao.com.br/spbemnafoto/fotos/"]}]},{"@type":"BreadcrumbList","@id":"https://patrocinados.estadao.com.br/spbemnafoto/fotos/#breadcrumb","itemListElement":[{"@type":"ListItem","position":1,"name":"Início","item":"https://patrocinados.estadao.com.br/spbemnafoto/"},{"@type":"ListItem","position":2,"name":"Fotos"}]},{"@type":"WebSite","@id":"https://patrocinados.estadao.com.br/spbemnafoto/#website","url":"https://patrocinados.estadao.com.br/spbemnafoto/","name":"São Paulo Bem na Foto 3a Edição","description":"25 pontos interessantes da capital que está completando 466 anos de história","potentialAction":[{"@type":"SearchAction","target":{"@type":"EntryPoint","urlTemplate":"https://patrocinados.estadao.com.br/spbemnafoto/?s={search_term_string}"},"query-input":{"@type":"PropertyValueSpecification","valueRequired":true,"valueName":"search_term_string"}}],"inLanguage":"pt-BR"}]}</script>
<!-- / Yoast SEO plugin. -->

Fotos - São Paulo Bem na Foto 3a Edição

&nbsp; Envie fotos e vídeos de sua autoria ou sugestões de passeios pela cidade para o e-mail publicacoes@estadao.com

São Paulo Bem na Foto 3a Edição

Início

25 pontos interessantes da capital que está completando 466 anos de história
