{"id":246,"date":"2020-01-24T14:47:50","date_gmt":"2020-01-24T17:47:50","guid":{"rendered":"http:\/\/patrocinados.estadao.com.br\/spbemnafoto\/2020\/?page_id=246"},"modified":"2020-01-30T10:38:32","modified_gmt":"2020-01-30T13:38:32","slug":"o-que-fazer-em-sampa","status":"publish","type":"page","link":"https:\/\/patrocinados.estadao.com.br\/spbemnafoto\/o-que-fazer-em-sampa\/","title":{"rendered":"O que fazer em Sampa"},"content":{"rendered":"<p><!--\n\n\n<h2 style=\"text-align: center;\"><span data-mce-type=\"bookmark\" style=\"display: inline-block; width: 0px; overflow: hidden; line-height: 0;\" class=\"mce_SELRES_start\"><\/span>PROGRAMA\u00c7\u00c3O<\/h2>\n\n\n\n\n<h3 style=\"text-align: center;\">JANEIRO\/2020 NO MUSEU AFRO BRASIL<\/h3>\n\n\n\n\n<h4><strong>ABERTURA DE EXPOSI\u00c7\u00c3O<\/strong><\/h4>\n\n\n--><\/p>\n<h4>Exposi\u00e7\u00e3o no Museu Afro Brasil<\/h4>\n<p>O Museu Afro Brasil, institui\u00e7\u00e3o da Secretaria de Cultura e Economia Criativa do Estado de S\u00e3o Paulo, gerida pela Associa\u00e7\u00e3o Museu Afro Brasil \u2013 organiza\u00e7\u00e3o social de cultura, promove no pr\u00f3ximo <strong>dia 25 de janeiro (s\u00e1bado), \u00e0s 11h, a abertura da exposi\u00e7\u00e3o &#8220;Heran\u00e7as de um Brasil profundo: os donos da terra&#8221;<\/strong>.<\/p>\n<p>Com curadoria de Emanoel Araujo, a exposi\u00e7\u00e3o reunir\u00e1 arte plum\u00e1ria, adornos, m\u00e1scaras, fotografias, esculturas, utens\u00edlios e arte contempor\u00e2nea de povos e tribos ind\u00edgenas como: Karaj\u00e1, Marubo, Kayap\u00f3, Mehinako, Yanomami, Rikbaktsa, Tapirap\u00e9, Waur\u00e1, Tapayuna, Juruna, entre outros.<\/p>\n<p>Integrantes da etnia Mehinako, habitantes da regi\u00e3o conhecida como Alto Xingu (englobada pelo Parque Ind\u00edgena do Xingu), reproduzir\u00e3o no espa\u00e7o expositivo do Museu Afro Brasil uma instala\u00e7\u00e3o alusiva a \u201cCasa dos Homens\u201d. Completam a mostra fotografias de Claudia Andujar, Rosa Gauditano, Maureen Bisiliat, Nair Benedicto e Rodrigo Pretella.<\/p>\n<p><strong>Heran\u00e7as de um Brasil profundo: os donos da terra<\/strong><br \/>\n<strong>Abertura:<\/strong> Dia 25 de Janeiro (s\u00e1bado), \u00e0s 11h<br \/>\n<strong>Entrada:<\/strong> Gratuita<\/p>\n<h4>EM CARTAZ \/ EXPOSI\u00c7\u00d5ES TEMPOR\u00c1RIAS<\/h4>\n<div class=\"alignright\">\n<div class=\"dfp-tmeio1\"><\/div>\n<p><script type=\"text\/javascript\">\nDFP.renderHtml({\n'selector':'div.dfp-tmeio1',\n'targets':{\n'formato':'tmeio1'\n},\n'screenmap':'Tile_300_250_T_250',\n'force': true\n});\n<\/script>\n<\/div>\n<p><strong>150 anos do poema \u201cO Navio Negreiro\u201d, de Castro Alves<\/strong><br \/>\nInstala\u00e7\u00e3o que celebra os 150 anos do poema O Navio Negreiro, do poeta rom\u00e2ntico e abolicionista baiano Castro Alves (1847-1871).<br \/>\n<strong>At\u00e9 15 de Mar\u00e7o de 2020.<\/strong><\/p>\n<p><strong>As gravuras aquareladas de Rugendas<\/strong><br \/>\nMembro da Expedi\u00e7\u00e3o Langsdorff e com uma produ\u00e7\u00e3o art\u00edstica reconhecida pelo alto teor de realismo e expressividade, as doze obras de Johann Moritz Rugendas expostas na mostra &#8211; recentemente doadas por Ruy Souza e Silva para o acervo do Museu Afro Brasil &#8211; s\u00e3o datadas do s\u00e9culo XIX e contextualizam a vida da popula\u00e7\u00e3o negra escravizada do per\u00edodo.<br \/>\n<strong>At\u00e9 15 de Mar\u00e7o de 2020.<\/strong><\/p>\n<p><strong>Walter Firmo \u2013 Ensaio sobre Bispo do Ros\u00e1rio<\/strong><br \/>\nInterno por toda a vida numa col\u00f4nia psiqui\u00e1trica no Rio de Janeiro, o artista Arthur Bispo do Ros\u00e1rio foi retratado nesse comovente e \u00fanico ensaio fotogr\u00e1fico produzido por Walter Firmo. As imagens captam extraordin\u00e1rios momentos desse grande criador em sua expressividade, muito al\u00e9m do seu inconsciente criativo.<br \/>\n<strong>At\u00e9 15 de Mar\u00e7o de 2020.<\/strong><\/p>\n<p><strong>Jo\u00e3o C\u00e2mara \u2013 Trajet\u00f3ria e obra de um artista brasileiro<\/strong><br \/>\nA obra de pintura do grande Jo\u00e3o C\u00e2mara pode ser vista, dessa vez, numa quase retrospectiva, que reunir\u00e1 mais de 50 obras do artista paraibano radicado em Pernambuco e conhecido por refletir em sua produ\u00e7\u00e3o as ra\u00edzes da cultura nacional.<br \/>\n<strong>At\u00e9 15 de Mar\u00e7o de 2020.<\/strong><\/p>\n<p><strong>Rommulo Concei\u00e7\u00e3o \u2013 Tudo que \u00e9 s\u00f3lido desmancha no ar<\/strong><br \/>\nUm conjunto de fotografias da s\u00e9rie &#8220;Entre o espa\u00e7o que eu vejo e o que percebo, h\u00e1 um plano&#8221;, de 2016-2017, desenhos sobre fotografias da s\u00e9rie \u201cTudo que \u00e9 s\u00f3lido desmancha no ar&#8221;, de 2017, e duas esculturas\/instala\u00e7\u00e3o, entre ela &#8220;Duas pias, ou quando o lugar se transforma em conte\u00fado&#8221;, comp\u00f5e a individual do artista baiano radicado no Rio Grande do Sul.<br \/>\n<strong>At\u00e9 15 de Mar\u00e7o de 2020.<\/strong><\/p>\n<p><strong>A Geometria de Paulo Pereira<\/strong><br \/>\nVinte e nove esculturas trazem a p\u00fablico a geometria de car\u00e1ter quase minimalista da produ\u00e7\u00e3o do artista. Sua produ\u00e7\u00e3o \u00e9 caracterizada por um jogo entre forma e conte\u00fado a partir do uso de madeira escura como o jacarand\u00e1, aliada a cortes met\u00e1licos de movimentos sinuosos que alimentam uma imagina\u00e7\u00e3o construtiva que torce formas c\u00f4ncavas e convexas.<br \/>\n<strong>At\u00e9 15 de Mar\u00e7o de 2020.<\/strong><\/p>\n<p><strong>Anderson AC \u2013 Pintura Muralista<\/strong><br \/>\nUm total de 14 obras, entre pinturas e infogravuras, colocam o p\u00fablico em contato com a pintura espessa e expressionista do artista baiano, cuja produ\u00e7\u00e3o, marcada pela consci\u00eancia de um mundo cheio de diferen\u00e7as sociais, se relaciona com a produ\u00e7\u00e3o de murais urbanos.<br \/>\n<strong>At\u00e9 15 de Mar\u00e7o de 2020.<\/strong><\/p>\n<p><strong>Elvinho Rocha \u2013 Pinturas do inconsciente<\/strong><br \/>\n\u00c9lvio Rocha exibe 44 obras, entre pinturas em tinta acr\u00edlica sobre tela e guaches sobre papel, que mostram sua representa\u00e7\u00e3o dos s\u00edmbolos guardados em seu subconsciente. \u201cMais que pintura, essa \u00e9 a revela\u00e7\u00e3o de uma mente sequiosa de se comunicar com o universo da cria\u00e7\u00e3o art\u00edstica\u201d, escreve Emanoel Ara\u00fajo, curador da mostra individual.<br \/>\n<strong>At\u00e9 15 de Mar\u00e7o de 2020.<\/strong><\/p>\n<p><strong>Alphonse Y\u00e9madj\u00e8 &#8211; S\u00edmbolos dos Reis Ancestrais do Benin<\/strong><br \/>\nTendo adquirido sua habilidade art\u00edstica a partir de uma tradi\u00e7\u00e3o familiar que remete aos tempos dos reis do antigo Daom\u00e9, em meados do s\u00e9c. XVIII, as obras deste importante artista do Benin, conhecidas como aplique ou appliqu\u00e9 (t\u00e9cnica de jun\u00e7\u00e3o, justaposi\u00e7\u00e3o, costura ou enlace de materiais t\u00eaxteis sobrepostos) s\u00e3o conhecidas no mundo todo.<br \/>\n<strong>At\u00e9 15 de Mar\u00e7o de 2020.<\/strong><\/p>\n<p><strong>Euloge Gl\u00e9l\u00e9 &#8211; Esculturas dos Deuses Africanos do Benin<\/strong><br \/>\nNascido no Benin, o artista Eulogue Gl\u00e9l\u00e9 \u00e9 conhecido por ser um escultor de m\u00e1scaras tradicionais G\u00e8l\u00e8des.<br \/>\n<strong>At\u00e9 15 de Mar\u00e7o de 2020.<\/strong><\/p>\n<p><strong>Arte Nativa \u2013 \u00c1frica, Am\u00e9rica Latina, \u00c1sia e Oceania &#8211; Cole\u00e7\u00e3o Christian-Jack Heym\u00e8s<\/strong><br \/>\nNa exposi\u00e7\u00e3o s\u00e3o apresentadas 51 esculturas, al\u00e9m de tecidos, indument\u00e1ria tradicional e colares do antiqu\u00e1rio e colecionador franc\u00eas de arte tribal, radicado em S\u00e3o Paulo desde os anos 1970. O raro e precioso conjunto de pe\u00e7as revela as descobertas de Christian em suas in\u00fameras viagens por diferentes continentes.<br \/>\n<strong>At\u00e9 15 de Mar\u00e7o de 2020.<\/strong><\/p>\n<p><strong>Fetiches \u2013 Di\u00e1rio de uma cole\u00e7\u00e3o de arte tribal, de Christian-Jack Heym\u00e8s<\/strong><br \/>\nTanto a mostra Arte Nativa: \u00c1frica, Am\u00e9rica Latina, \u00c1sia e Oceania, com o lan\u00e7amento do livro Fetiches: Di\u00e1rio de uma Cole\u00e7\u00e3o de Arte Tribal, do colecionador franc\u00eas radicado em S\u00e3o Paulo, Christian-Jack Heym\u00e8s, revelam o sentido das descobertas nos diferentes continentes por ele visitados, uma arqueologia de obras significativas marca sobretudo um desejo de conviver com essa diversidade de express\u00f5es art\u00edsticas.<br \/>\n<strong>At\u00e9 15 de Mar\u00e7o de 2020.<\/strong><\/p>\n<p><strong>M\u00e3e Aninha (Eug\u00eania Anna Dos Santos) \u2013 Homenagem aos 150 Anos ne nascimento<\/strong><br \/>\nInstala\u00e7\u00e3o em homenagem aos 150 anos de nascimento da famosa m\u00e3e de santo fundadora do terreiro de candombl\u00e9 Il\u00ea Ax\u00e9 Op\u00f3 Afonj\u00e1, em Salvador e no Rio de Janeiro.<br \/>\n<strong>At\u00e9 15 de Mar\u00e7o de 2020.<\/strong><\/p>\n<p><strong>Design e Tecnologia no Tempo da Escravid\u00e3o<\/strong><br \/>\nA mostra apresenta mais de 400 pe\u00e7as do acervo do museu, entre objetos de uso dom\u00e9stico e ferramentas para of\u00edcios rurais e urbanos, que contextualizam o conhecimento aplicado na produ\u00e7\u00e3o de objetos e utens\u00edlios dos s\u00e9culos XVIII e XIX.<br \/>\n<strong>At\u00e9 31 de Julho de 2019.<\/strong><\/p>\n<h4><strong>EXPOSI\u00c7\u00c3O DE LONGA DURA\u00c7\u00c3O<\/strong><\/h4>\n<p>A exposi\u00e7\u00e3o de Longa Dura\u00e7\u00e3o do Museu Afro Brasil pretende contar uma outra hist\u00f3ria brasileira, com a inten\u00e7\u00e3o de desconstruir um imagin\u00e1rio da popula\u00e7\u00e3o negra, constru\u00eddo fundamentalmente pela \u00f3tica da inferioridade ao longo da nossa hist\u00f3ria e transform\u00e1-lo em um imagin\u00e1rio estabelecido no prest\u00edgio, na igualdade e no pertencimento, reafirmando assim o respeito por uma popula\u00e7\u00e3o matriz de nossa brasilidade.<\/p>\n<h4><strong>ATIVIDADES EDUCATIVAS<\/strong><\/h4>\n<p><strong>Visita Tem\u00e1tica: \u201cPassados Presentes\u201d: A presen\u00e7a negra e em S\u00e3o Paulo<\/strong><br \/>\n<em>25 de janeiro (s\u00e1bado), \u00e0s 14h<\/em><br \/>\nNesta visita, o p\u00fablico conhecer\u00e1 uma S\u00e3o Paulo muitas vezes deixada ao largo. Trata-se dos rostos fotografados por Milit\u00e3o Augusto de Azevedo, dos grandes mestres relembrados por Wagner Celestino, das irmandades religiosas, das edi\u00e7\u00f5es da imprensa negra, da vida de Luiz Gama: dos eventos marcantes da nossa hist\u00f3ria apresentada pela \u00f3tica da popula\u00e7\u00e3o negra paulistana.<br \/>\n<em><strong>Dura\u00e7\u00e3o:<\/strong> 1h30<\/em><br \/>\n<em><strong>Atividade Gratuita<\/strong><\/em><br \/>\n<em><strong>P\u00fablico:<\/strong> Livre<\/em><\/p>\n<p><strong>Visitas para P\u00fablico Espont\u00e2neo<\/strong><br \/>\n<em>Dias 05,12, 29 e 26 de janeiro (domingos), \u00e0s 14h<\/em><br \/>\nAs visitas aos finais de semana s\u00e3o realizadas com grupos de no m\u00ednimo 5 e, no m\u00e1ximo, 20 pessoas de todas as idades. Para participar, \u00e9 necess\u00e1rio chegar com 15 minutos de anteced\u00eancia ao hor\u00e1rio programado e procurar o setor de acolhimento.<br \/>\n<em><strong>Dura\u00e7\u00e3o:<\/strong> 1h30<\/em><br \/>\n<em><strong>Entrada no Museu:<\/strong> R$15<\/em><br \/>\n<em><strong>P\u00fablico:<\/strong> Livre<\/em><\/p>\n<h4>Informa\u00e7\u00f5es importantes<\/h4>\n<p style=\"text-align: left;\">Aos <strong>domingos,<\/strong> a entrada no Museu Afro Brasil<strong> \u00e9 paga. <\/strong>Informa\u00e7\u00f5es sobre valores de ingressos e pol\u00edtica de gratuidade est\u00e3o dispon\u00edveis no endere\u00e7o<a href=\"http:\/\/www.museuafrobrasil.org.br\/\" target=\"_blank\" rel=\"noopener noreferrer\"> www.museuafrobrasil.org.br<\/a><\/p>\n<p>O funcionamento do Museu Afro Brasil \u00e9 de <strong>ter\u00e7a-feira a domingo, das 10 \u00e0s 17h,<\/strong> com perman\u00eancia at\u00e9 \u00e0s <strong>18hs.<br \/>\nEntrada Inteira:<\/strong> R$ 6,00 \/ <strong>Meia Entrada:<\/strong> R$ 3,00 \/ <strong>Gr\u00e1tis aos s\u00e1bados.<br \/>\n<\/strong>Pol\u00edtica de gratuidade no site. Para agendar visita mediada pelos educadores do N\u00facleo de Educa\u00e7\u00e3o acesse: <a href=\"http:\/\/www.museuafrobrasil.org.br\/visite\/planeje-sua-visita\/agendamento-de-visita\" target=\"_blank\" rel=\"noopener noreferrer\">http:\/\/www.museuafrobrasil.org.br\/visite\/planeje-sua-visita\/agendamento-de-visita<\/a><\/p>\n","protected":false},"excerpt":{"rendered":"<p>O Museu Afro Brasil, institui\u00e7\u00e3o da Secretaria de Cultura e Economia Criativa do Estado de S\u00e3o Paulo, gerida pela Associa\u00e7\u00e3o Museu Afro Brasil \u2013 organiza\u00e7\u00e3o social de cultura, promove no pr\u00f3ximo dia 25 de janeiro&#8230; <a href=\"https:\/\/patrocinados.estadao.com.br\/spbemnafoto\/o-que-fazer-em-sampa\/\" class=\"btn_veja_mais\" rel=\"nofollow\"> veja mais \u00bb <\/a><\/p>\n","protected":false},"author":2,"featured_media":311,"parent":0,"menu_order":0,"comment_status":"closed","ping_status":"closed","template":"","meta":{"_acf_changed":false,"ngg_post_thumbnail":0,"footnotes":""},"class_list":["post-246","page","type-page","status-publish","has-post-thumbnail","hentry"],"acf":[],"yoast_head":"<!-- This site is optimized with the Yoast SEO plugin v27.1.1 - https:\/\/yoast.com\/product\/yoast-seo-wordpress\/ -->\n<title>O que fazer em Sampa - S\u00e3o Paulo Bem na Foto 3a Edi\u00e7\u00e3o<\/title>\n<meta name=\"robots\" content=\"index, follow, max-snippet:-1, max-image-preview:large, max-video-preview:-1\" \/>\n<link rel=\"canonical\" href=\"https:\/\/patrocinados.estadao.com.br\/spbemnafoto\/o-que-fazer-em-sampa\/\" \/>\n<meta property=\"og:locale\" content=\"pt_BR\" \/>\n<meta property=\"og:type\" content=\"article\" \/>\n<meta property=\"og:title\" content=\"O que fazer em Sampa - S\u00e3o Paulo Bem na Foto 3a Edi\u00e7\u00e3o\" \/>\n<meta property=\"og:description\" content=\"O Museu Afro Brasil, institui\u00e7\u00e3o da Secretaria de Cultura e Economia Criativa do Estado de S\u00e3o Paulo, gerida pela Associa\u00e7\u00e3o Museu Afro Brasil \u2013 organiza\u00e7\u00e3o social de cultura, promove no pr\u00f3ximo dia 25 de janeiro... veja mais \u00bb\" \/>\n<meta property=\"og:url\" content=\"https:\/\/patrocinados.estadao.com.br\/spbemnafoto\/o-que-fazer-em-sampa\/\" \/>\n<meta property=\"og:site_name\" content=\"S\u00e3o Paulo Bem na Foto 3a Edi\u00e7\u00e3o\" \/>\n<meta property=\"article:modified_time\" content=\"2020-01-30T13:38:32+00:00\" \/>\n<meta property=\"og:image\" content=\"https:\/\/patrocinados.estadao.com.br\/spbemnafoto\/wp-content\/uploads\/2020\/01\/religiosidade-afro-brasileira-2.jpg\" \/>\n\t<meta property=\"og:image:width\" content=\"828\" \/>\n\t<meta property=\"og:image:height\" content=\"512\" \/>\n\t<meta property=\"og:image:type\" content=\"image\/jpeg\" \/>\n<meta name=\"twitter:card\" content=\"summary_large_image\" \/>\n<meta name=\"twitter:label1\" content=\"Est. tempo de leitura\" \/>\n\t<meta name=\"twitter:data1\" content=\"7 minutos\" \/>\n<script type=\"application\/ld+json\" class=\"yoast-schema-graph\">{\"@context\":\"https:\/\/schema.org\",\"@graph\":[{\"@type\":\"WebPage\",\"@id\":\"https:\/\/patrocinados.estadao.com.br\/spbemnafoto\/o-que-fazer-em-sampa\/\",\"url\":\"https:\/\/patrocinados.estadao.com.br\/spbemnafoto\/o-que-fazer-em-sampa\/\",\"name\":\"O que fazer em Sampa - S\u00e3o Paulo Bem na Foto 3a Edi\u00e7\u00e3o\",\"isPartOf\":{\"@id\":\"https:\/\/patrocinados.estadao.com.br\/spbemnafoto\/#website\"},\"primaryImageOfPage\":{\"@id\":\"https:\/\/patrocinados.estadao.com.br\/spbemnafoto\/o-que-fazer-em-sampa\/#primaryimage\"},\"image\":{\"@id\":\"https:\/\/patrocinados.estadao.com.br\/spbemnafoto\/o-que-fazer-em-sampa\/#primaryimage\"},\"thumbnailUrl\":\"https:\/\/patrocinados.estadao.com.br\/spbemnafoto\/wp-content\/uploads\/2020\/01\/religiosidade-afro-brasileira-2.jpg\",\"datePublished\":\"2020-01-24T17:47:50+00:00\",\"dateModified\":\"2020-01-30T13:38:32+00:00\",\"breadcrumb\":{\"@id\":\"https:\/\/patrocinados.estadao.com.br\/spbemnafoto\/o-que-fazer-em-sampa\/#breadcrumb\"},\"inLanguage\":\"pt-BR\",\"potentialAction\":[{\"@type\":\"ReadAction\",\"target\":[\"https:\/\/patrocinados.estadao.com.br\/spbemnafoto\/o-que-fazer-em-sampa\/\"]}]},{\"@type\":\"ImageObject\",\"inLanguage\":\"pt-BR\",\"@id\":\"https:\/\/patrocinados.estadao.com.br\/spbemnafoto\/o-que-fazer-em-sampa\/#primaryimage\",\"url\":\"https:\/\/patrocinados.estadao.com.br\/spbemnafoto\/wp-content\/uploads\/2020\/01\/religiosidade-afro-brasileira-2.jpg\",\"contentUrl\":\"https:\/\/patrocinados.estadao.com.br\/spbemnafoto\/wp-content\/uploads\/2020\/01\/religiosidade-afro-brasileira-2.jpg\",\"width\":828,\"height\":512},{\"@type\":\"BreadcrumbList\",\"@id\":\"https:\/\/patrocinados.estadao.com.br\/spbemnafoto\/o-que-fazer-em-sampa\/#breadcrumb\",\"itemListElement\":[{\"@type\":\"ListItem\",\"position\":1,\"name\":\"In\u00edcio\",\"item\":\"https:\/\/patrocinados.estadao.com.br\/spbemnafoto\/\"},{\"@type\":\"ListItem\",\"position\":2,\"name\":\"O que fazer em Sampa\"}]},{\"@type\":\"WebSite\",\"@id\":\"https:\/\/patrocinados.estadao.com.br\/spbemnafoto\/#website\",\"url\":\"https:\/\/patrocinados.estadao.com.br\/spbemnafoto\/\",\"name\":\"S\u00e3o Paulo Bem na Foto 3a Edi\u00e7\u00e3o\",\"description\":\"25 pontos interessantes da capital que est\u00e1 completando 466 anos de hist\u00f3ria\",\"potentialAction\":[{\"@type\":\"SearchAction\",\"target\":{\"@type\":\"EntryPoint\",\"urlTemplate\":\"https:\/\/patrocinados.estadao.com.br\/spbemnafoto\/?s={search_term_string}\"},\"query-input\":{\"@type\":\"PropertyValueSpecification\",\"valueRequired\":true,\"valueName\":\"search_term_string\"}}],\"inLanguage\":\"pt-BR\"}]}<\/script>\n<!-- \/ Yoast SEO plugin. -->","yoast_head_json":{"title":"O que fazer em Sampa - S\u00e3o Paulo Bem na Foto 3a Edi\u00e7\u00e3o","robots":{"index":"index","follow":"follow","max-snippet":"max-snippet:-1","max-image-preview":"max-image-preview:large","max-video-preview":"max-video-preview:-1"},"canonical":"https:\/\/patrocinados.estadao.com.br\/spbemnafoto\/o-que-fazer-em-sampa\/","og_locale":"pt_BR","og_type":"article","og_title":"O que fazer em Sampa - S\u00e3o Paulo Bem na Foto 3a Edi\u00e7\u00e3o","og_description":"O Museu Afro Brasil, institui\u00e7\u00e3o da Secretaria de Cultura e Economia Criativa do Estado de S\u00e3o Paulo, gerida pela Associa\u00e7\u00e3o Museu Afro Brasil \u2013 organiza\u00e7\u00e3o social de cultura, promove no pr\u00f3ximo dia 25 de janeiro... veja mais \u00bb","og_url":"https:\/\/patrocinados.estadao.com.br\/spbemnafoto\/o-que-fazer-em-sampa\/","og_site_name":"S\u00e3o Paulo Bem na Foto 3a Edi\u00e7\u00e3o","article_modified_time":"2020-01-30T13:38:32+00:00","og_image":[{"width":828,"height":512,"url":"https:\/\/patrocinados.estadao.com.br\/spbemnafoto\/wp-content\/uploads\/2020\/01\/religiosidade-afro-brasileira-2.jpg","type":"image\/jpeg"}],"twitter_card":"summary_large_image","twitter_misc":{"Est. tempo de leitura":"7 minutos"},"schema":{"@context":"https:\/\/schema.org","@graph":[{"@type":"WebPage","@id":"https:\/\/patrocinados.estadao.com.br\/spbemnafoto\/o-que-fazer-em-sampa\/","url":"https:\/\/patrocinados.estadao.com.br\/spbemnafoto\/o-que-fazer-em-sampa\/","name":"O que fazer em Sampa - S\u00e3o Paulo Bem na Foto 3a Edi\u00e7\u00e3o","isPartOf":{"@id":"https:\/\/patrocinados.estadao.com.br\/spbemnafoto\/#website"},"primaryImageOfPage":{"@id":"https:\/\/patrocinados.estadao.com.br\/spbemnafoto\/o-que-fazer-em-sampa\/#primaryimage"},"image":{"@id":"https:\/\/patrocinados.estadao.com.br\/spbemnafoto\/o-que-fazer-em-sampa\/#primaryimage"},"thumbnailUrl":"https:\/\/patrocinados.estadao.com.br\/spbemnafoto\/wp-content\/uploads\/2020\/01\/religiosidade-afro-brasileira-2.jpg","datePublished":"2020-01-24T17:47:50+00:00","dateModified":"2020-01-30T13:38:32+00:00","breadcrumb":{"@id":"https:\/\/patrocinados.estadao.com.br\/spbemnafoto\/o-que-fazer-em-sampa\/#breadcrumb"},"inLanguage":"pt-BR","potentialAction":[{"@type":"ReadAction","target":["https:\/\/patrocinados.estadao.com.br\/spbemnafoto\/o-que-fazer-em-sampa\/"]}]},{"@type":"ImageObject","inLanguage":"pt-BR","@id":"https:\/\/patrocinados.estadao.com.br\/spbemnafoto\/o-que-fazer-em-sampa\/#primaryimage","url":"https:\/\/patrocinados.estadao.com.br\/spbemnafoto\/wp-content\/uploads\/2020\/01\/religiosidade-afro-brasileira-2.jpg","contentUrl":"https:\/\/patrocinados.estadao.com.br\/spbemnafoto\/wp-content\/uploads\/2020\/01\/religiosidade-afro-brasileira-2.jpg","width":828,"height":512},{"@type":"BreadcrumbList","@id":"https:\/\/patrocinados.estadao.com.br\/spbemnafoto\/o-que-fazer-em-sampa\/#breadcrumb","itemListElement":[{"@type":"ListItem","position":1,"name":"In\u00edcio","item":"https:\/\/patrocinados.estadao.com.br\/spbemnafoto\/"},{"@type":"ListItem","position":2,"name":"O que fazer em Sampa"}]},{"@type":"WebSite","@id":"https:\/\/patrocinados.estadao.com.br\/spbemnafoto\/#website","url":"https:\/\/patrocinados.estadao.com.br\/spbemnafoto\/","name":"S\u00e3o Paulo Bem na Foto 3a Edi\u00e7\u00e3o","description":"25 pontos interessantes da capital que est\u00e1 completando 466 anos de hist\u00f3ria","potentialAction":[{"@type":"SearchAction","target":{"@type":"EntryPoint","urlTemplate":"https:\/\/patrocinados.estadao.com.br\/spbemnafoto\/?s={search_term_string}"},"query-input":{"@type":"PropertyValueSpecification","valueRequired":true,"valueName":"search_term_string"}}],"inLanguage":"pt-BR"}]}},"_links":{"self":[{"href":"https:\/\/patrocinados.estadao.com.br\/spbemnafoto\/wp-json\/wp\/v2\/pages\/246","targetHints":{"allow":["GET"]}}],"collection":[{"href":"https:\/\/patrocinados.estadao.com.br\/spbemnafoto\/wp-json\/wp\/v2\/pages"}],"about":[{"href":"https:\/\/patrocinados.estadao.com.br\/spbemnafoto\/wp-json\/wp\/v2\/types\/page"}],"author":[{"embeddable":true,"href":"https:\/\/patrocinados.estadao.com.br\/spbemnafoto\/wp-json\/wp\/v2\/users\/2"}],"replies":[{"embeddable":true,"href":"https:\/\/patrocinados.estadao.com.br\/spbemnafoto\/wp-json\/wp\/v2\/comments?post=246"}],"version-history":[{"count":21,"href":"https:\/\/patrocinados.estadao.com.br\/spbemnafoto\/wp-json\/wp\/v2\/pages\/246\/revisions"}],"predecessor-version":[{"id":465,"href":"https:\/\/patrocinados.estadao.com.br\/spbemnafoto\/wp-json\/wp\/v2\/pages\/246\/revisions\/465"}],"wp:featuredmedia":[{"embeddable":true,"href":"https:\/\/patrocinados.estadao.com.br\/spbemnafoto\/wp-json\/wp\/v2\/media\/311"}],"wp:attachment":[{"href":"https:\/\/patrocinados.estadao.com.br\/spbemnafoto\/wp-json\/wp\/v2\/media?parent=246"}],"curies":[{"name":"wp","href":"https:\/\/api.w.org\/{rel}","templated":true}]}}