{"id":7,"date":"2023-08-10T16:30:43","date_gmt":"2023-08-10T19:30:43","guid":{"rendered":"http:\/\/patrocinados.estadao.com.br\/mondelez\/employing-branding\/?page_id=7"},"modified":"2024-02-14T18:48:41","modified_gmt":"2024-02-14T21:48:41","slug":"home-page","status":"publish","type":"page","link":"https:\/\/patrocinados.estadao.com.br\/mondelez\/employing-branding\/","title":{"rendered":"Employing Branding, apresentado por Mondel\u0113z"},"content":{"rendered":"<h2>A Mondel\u0113z International, l\u00edder global de snacks e dona de marcas como Oreo, Bis, Lacta, Halls, Trident, Tang e Club Social, acredita que seu time \u00e9 fundamental para conquistar uma cultura vencedora! Com uma equipe inovadora, que promove a diversidade, equidade e inclus\u00e3o, e que tem em comum a paix\u00e3o pelos clientes e consumidores, acreditamos no poder de fazer o que \u00e9 certo e que nossas pessoas s\u00e3o a chave para continuarmos avan\u00e7ando.<\/h2>\n","protected":false},"excerpt":{"rendered":"<p>A Mondel\u0113z International, l\u00edder global de snacks e dona de marcas como Oreo, Bis, Lacta, Halls, Trident, Tang e Club Social, acredita que seu time \u00e9 fundamental para conquistar uma cultura vencedora! Com uma equipe inovadora, que promove a diversidade, equidade e inclus\u00e3o, e que tem em comum a paix\u00e3o pelos clientes e consumidores, acreditamos [&hellip;]<\/p>\n","protected":false},"author":2,"featured_media":0,"parent":0,"menu_order":0,"comment_status":"closed","ping_status":"closed","template":"template-home.php","meta":{"_acf_changed":false,"om_disable_all_campaigns":false,"_monsterinsights_skip_tracking":false,"_monsterinsights_sitenote_active":false,"_monsterinsights_sitenote_note":"","_monsterinsights_sitenote_category":0,"footnotes":""},"class_list":["post-7","page","type-page","status-publish","hentry"],"acf":[],"aioseo_notices":[],"_links":{"self":[{"href":"https:\/\/patrocinados.estadao.com.br\/mondelez\/employing-branding\/index.php?rest_route=\/wp\/v2\/pages\/7","targetHints":{"allow":["GET"]}}],"collection":[{"href":"https:\/\/patrocinados.estadao.com.br\/mondelez\/employing-branding\/index.php?rest_route=\/wp\/v2\/pages"}],"about":[{"href":"https:\/\/patrocinados.estadao.com.br\/mondelez\/employing-branding\/index.php?rest_route=\/wp\/v2\/types\/page"}],"author":[{"embeddable":true,"href":"https:\/\/patrocinados.estadao.com.br\/mondelez\/employing-branding\/index.php?rest_route=\/wp\/v2\/users\/2"}],"replies":[{"embeddable":true,"href":"https:\/\/patrocinados.estadao.com.br\/mondelez\/employing-branding\/index.php?rest_route=%2Fwp%2Fv2%2Fcomments&post=7"}],"version-history":[{"count":34,"href":"https:\/\/patrocinados.estadao.com.br\/mondelez\/employing-branding\/index.php?rest_route=\/wp\/v2\/pages\/7\/revisions"}],"predecessor-version":[{"id":83,"href":"https:\/\/patrocinados.estadao.com.br\/mondelez\/employing-branding\/index.php?rest_route=\/wp\/v2\/pages\/7\/revisions\/83"}],"wp:attachment":[{"href":"https:\/\/patrocinados.estadao.com.br\/mondelez\/employing-branding\/index.php?rest_route=%2Fwp%2Fv2%2Fmedia&parent=7"}],"curies":[{"name":"wp","href":"https:\/\/api.w.org\/{rel}","templated":true}]}}